{"id":22,"date":"2023-01-12T16:59:16","date_gmt":"2023-01-12T15:59:16","guid":{"rendered":"http:\/\/anidiwall.fr\/?page_id=22"},"modified":"2024-11-14T16:07:25","modified_gmt":"2024-11-14T15:07:25","slug":"mentions-legales","status":"publish","type":"page","link":"https:\/\/anidiwall.fr\/index.php\/mentions-legales\/","title":{"rendered":"Mentions l\u00e9gales"},"content":{"rendered":"\t\t<div data-elementor-type=\"wp-page\" data-elementor-id=\"22\" class=\"elementor elementor-22\">\n\t\t\t\t\t\t<section class=\"elementor-section elementor-top-section elementor-element elementor-element-3354d7d elementor-section-boxed elementor-section-height-default elementor-section-height-default\" data-id=\"3354d7d\" data-element_type=\"section\">\n\t\t\t\t\t\t<div class=\"elementor-container elementor-column-gap-default\">\n\t\t\t\t\t<div class=\"elementor-column elementor-col-100 elementor-top-column elementor-element elementor-element-5bc02f8\" data-id=\"5bc02f8\" data-element_type=\"column\">\n\t\t\t<div class=\"elementor-widget-wrap elementor-element-populated\">\n\t\t\t\t\t\t<div class=\"elementor-element elementor-element-8ab5c53 elementor-widget elementor-widget-heading\" data-id=\"8ab5c53\" data-element_type=\"widget\" data-widget_type=\"heading.default\">\n\t\t\t\t<div class=\"elementor-widget-container\">\n\t\t\t\t\t<h1 class=\"elementor-heading-title elementor-size-default\">Mention L\u00e9gales<\/h1>\t\t\t\t<\/div>\n\t\t\t\t<\/div>\n\t\t\t\t\t<\/div>\n\t\t<\/div>\n\t\t\t\t\t<\/div>\n\t\t<\/section>\n\t\t\t\t<section class=\"elementor-section elementor-top-section elementor-element elementor-element-9c3a604 elementor-section-boxed elementor-section-height-default elementor-section-height-default\" data-id=\"9c3a604\" data-element_type=\"section\">\n\t\t\t\t\t\t<div class=\"elementor-container elementor-column-gap-default\">\n\t\t\t\t\t<div class=\"elementor-column elementor-col-100 elementor-top-column elementor-element elementor-element-d341e5a\" data-id=\"d341e5a\" data-element_type=\"column\">\n\t\t\t<div class=\"elementor-widget-wrap elementor-element-populated\">\n\t\t\t\t\t\t<div class=\"elementor-element elementor-element-765edc4 elementor-widget elementor-widget-text-editor\" data-id=\"765edc4\" data-element_type=\"widget\" data-widget_type=\"text-editor.default\">\n\t\t\t\t<div class=\"elementor-widget-container\">\n\t\t\t\t\t\t\t\t\t<p><strong>Editeur du site AniDiwall<\/strong><\/p><p>Entreprise Individuelle (EI) r\u00e9gime Micro-entreprise dont la g\u00e9rante est Solenn Quiltu Balavoine. SIRET : 94897007400019<\/p><p>Code APE : 9609Z<\/p><p>Si\u00e8ge Social : 12, rue Alfred Nobel 56890 St Av\u00e9<\/p><p>Mail : contact@anidiwall.fr<\/p><p>Tel : 06 76 85 59 85<\/p><p><strong>Conception<\/strong><\/p><p>Responsable de la r\u00e9daction : Solenn Quiltu Balavoine<\/p><p>R\u00e9alisation site : Simon Herv\u00e9<\/p><p><strong>H\u00e9bergement<\/strong><\/p><p>L\u2019h\u00e9bergement du site est r\u00e9alis\u00e9 par la soci\u00e9t\u00e9 OVH : 2 rue Kellermann \u2013 59100 Roubaix \u2013 France. Contact : https:\/\/www.ovhcloud.com\/fr\/.<\/p><p><strong>Conditions d\u2019utilisation<\/strong><\/p><p>L\u2019utilisation du pr\u00e9sent site implique l\u2019acceptation pleine et enti\u00e8re des conditions g\u00e9n\u00e9rales d\u2019utilisation d\u00e9crites ci-apr\u00e8s. Ces conditions d\u2019utilisation sont susceptibles d\u2019\u00eatre modifi\u00e9es ou compl\u00e9t\u00e9es \u00e0 tout moment.<\/p><p><strong>Propri\u00e9t\u00e9<\/strong><\/p><p>L\u2019ensemble de ce site est r\u00e9gi par la l\u00e9gislation fran\u00e7aise ; le droit d\u2019auteur et la propri\u00e9t\u00e9 intellectuelle. Sauf mention contraire, Le contenu du site, incluant, les images, graphismes, textes, logos, et ic\u00f4nes\u2026 Sont la propri\u00e9t\u00e9 exclusive de l\u2019entreprise Anidiwall. Toute reproduction, repr\u00e9sentation, modification, publication, adaptation de tout ou partie des \u00e9l\u00e9ments du site, quel que soit le moyen ou le proc\u00e9d\u00e9 utilis\u00e9, est interdite, sauf autorisation \u00e9crite pr\u00e9alable d\u2019Anidiwall. Toute exploitation non autoris\u00e9e du site ou des \u00e9l\u00e9ments qu\u2019il contient est consid\u00e9r\u00e9e comme constitutive d\u2019une contrefa\u00e7on et passible de poursuites.<\/p><p><strong>Responsabilit\u00e9<\/strong><\/p><p>Anidiwall d\u00e9cline toute responsabilit\u00e9 par le r\u00e9f\u00e9rencement via des liens hypertextes, de ressources tierces pr\u00e9sentes sur le r\u00e9seau Internet, tant en ce qui concerne leur contenu que leur pertinence. Anidiwall autorise les liens hypertextes, \u00e0 condition que ceux-ci ouvrent une nouvelle fen\u00eatre et soient pr\u00e9sent\u00e9s de mani\u00e8re non \u00e9quivoque afin d\u2019\u00e9viter :<\/p><p>\u25aa Tout risque de confusion entre le site citant et Anidiwall.<\/p><p>\u25aa Toute pr\u00e9sentation tendancieuse, ou contraire aux lois en vigueur.<\/p><p>Il appartient \u00e0 l\u2019internaute d\u2019utiliser ces informations avec discernement et esprit critique. La responsabilit\u00e9 d\u2019Anidiwall ne saurait \u00eatre engag\u00e9e du fait des informations, des opinions et des recommandations formul\u00e9es par des tiers. L\u2019utilisation du site se fait \u00e0 vos propres risques.<\/p><p>Par cons\u00e9quent, Anidiwall exclut toute responsabilit\u00e9 pour n\u2019importe quel pr\u00e9judice caus\u00e9 directement et\/ou indirectement, de quelque fa\u00e7on que ce soit, du fait de l\u2019utilisation du site.<\/p><p>Notamment, AniDiwall ne sera en aucun cas responsable d\u2019un quelconque pr\u00e9judice, caus\u00e9 par :<\/p><p>\u2022 des faits et actions des tiers ;<\/p><p>\u2022 l\u2019impossibilit\u00e9 d\u2019utiliser le site ;<\/p><p>\u2022 l\u2019utilisation irr\u00e9guli\u00e8re du site et\/ou des dysfonctionnements informatiques par un tiers.<\/p><p><strong>Politique de confidentialit\u00e9<\/strong><\/p><p>La pr\u00e9sente politique de confidentialit\u00e9 d\u00e9finit et vous informe de la mani\u00e8re dont AniDiwall utilise et prot\u00e8ge les informations que vous nous transmettez. AniDiwall s\u2019engage \u00e0 ne pas transmettre ni vendre \u00e0 un tiers (organisation ou particulier) aucune information personnelle ayant pu \u00eatre collect\u00e9e, notamment via son formulaire de contact.<\/p><p>Les donn\u00e9es personnelles sont les informations vous concernant qui permettent de vous identifier telle que le pr\u00e9nom, le nom, l\u2019adresse postale, n* de t\u00e9l\u00e9phone ou l\u2019adresse \u00e9lectronique, et sont facultatives. Les donn\u00e9es personnelles sont r\u00e9cup\u00e9r\u00e9es via le formulaire de contact pr\u00e9sent sur notre site (www.anidiwall.com). Vous pouvez choisir d\u2019acc\u00e9der et de naviguer sur notre site Internet sans communiquer vos donn\u00e9es personnelles. Conform\u00e9ment au R\u00e8glement G\u00e9n\u00e9ral sur la Protection des Donn\u00e9es (RGPD) adopt\u00e9 par le Parlement europ\u00e9en le 14 avril 2016, et \u00e0 la Loi Informatique et Libert\u00e9s du 6 janvier 1978 modifi\u00e9e, AniDiwall vous informe des points suivants :<\/p><p><strong>Identit\u00e9 du responsable du traitement<\/strong><\/p><p>Le responsable du traitement des donn\u00e9es est AniDiwall ; vous pouvez retrouver ses informations de contact dans la rubrique \u00ab \u00e9diteur du site \u00bb plus haut sur cette m\u00eame page.<\/p><p><strong>Finalit\u00e9s du traitement<\/strong><\/p><p>AniDiwall est susceptible de traiter vos informations personnelles aux fins de vous fournir les informations ou les services que vous avez demand\u00e9s (notamment : l\u2019envoi de devis, l\u2019acc\u00e8s \u00e0 nos services, les informations sur nos offres\u2026)<\/p><p><strong>Acc\u00e8s et modification de vos donn\u00e9es<\/strong><\/p><p>Vous pouvez acc\u00e9der \u00e0 vos donn\u00e9es et les modifier en nous faisant une demande par mail \u00e0 : contact@anidiwall.fr pour connaitre les donn\u00e9es vous concernant, les modifier ou les supprimer. Nous pouvons vous demander une preuve de votre identit\u00e9. AniDiwall s\u2019engage \u00e0 r\u00e9pondre \u00e0 votre demande d\u2019acc\u00e8s, de rectification ou d\u2019opposition ou toute autre demande compl\u00e9mentaire d\u2019informations dans un d\u00e9lai raisonnable qui ne saurait d\u00e9passer 1 mois \u00e0 compter de la r\u00e9ception de votre demande.<\/p><p><strong>D\u00e9claration CNIL<\/strong><\/p><p>Depuis le 25 mai 2018, date d&rsquo;entr\u00e9e en application du R\u00e8glement europ\u00e9en sur la protection des donn\u00e9es ( RGPD ), la quasi-totalit\u00e9 des formalit\u00e9s d\u00e9claratives aupr\u00e8s de la CNIL ont \u00e9t\u00e9 supprim\u00e9es. Le site Anidiwall.fr ne fait pas l\u2019objet d\u2019une d\u00e9claration aupr\u00e8s de la CNIL. Les informations collect\u00e9es sur Anidiwall sont utilis\u00e9es uniquement dans le cadre l\u00e9gal pr\u00e9vu en France pour le respect de la vie priv\u00e9e. Anidiwall est le destinataire des donn\u00e9es. Conform\u00e9ment \u00e0 la loi \u00ab informatique et libert\u00e9s \u00bb du 6 janvier 1978, vous b\u00e9n\u00e9ficiez d\u2019un droit d\u2019acc\u00e8s, de rectification, de suppression des informations qui vous concernent, que vous pouvez exercer en vous adressant \u00e0 contact@anidiwall.fr Plus d\u2019informations sur : www.cnil.fr<\/p><p><strong>M\u00e9diation<\/strong><\/p><p>Conform\u00e9ment \u00e0 l\u2019article L. 612-1 du Code de la consommation, dans un d\u00e9lai d\u2019un an \u00e0 compter de sa r\u00e9clamation \u00e9crite, le consommateur, sous r\u00e9serve de l\u2019article L.152-2 du code de la consommation, a la facult\u00e9 d\u2019introduire une demande de r\u00e9solution amiable par voie de m\u00e9diation, aupr\u00e8s de SAS M\u00e9diation Solution, 222 chemin de la bergerie 01800 Saint Jean de Niost. Site : www.sasmediationsolution-conso.fr Email : contact@sasmediationsolution-conso.fr<\/p>\t\t\t\t\t\t\t\t<\/div>\n\t\t\t\t<\/div>\n\t\t\t\t\t<\/div>\n\t\t<\/div>\n\t\t\t\t\t<\/div>\n\t\t<\/section>\n\t\t\t\t<\/div>\n\t\t","protected":false},"excerpt":{"rendered":"<p>Mention L\u00e9gales Editeur du site AniDiwall Entreprise Individuelle (EI) r\u00e9gime Micro-entreprise dont la g\u00e9rante est Solenn Quiltu Balavoine. SIRET : 94897007400019 Code APE : 9609Z Si\u00e8ge Social : 12, rue Alfred Nobel 56890 St Av\u00e9 Mail : contact@anidiwall.fr Tel : 06 76 85 59 85 Conception Responsable de la r\u00e9daction : Solenn Quiltu Balavoine R\u00e9alisation [&hellip;]<\/p>\n","protected":false},"author":1,"featured_media":0,"parent":0,"menu_order":0,"comment_status":"closed","ping_status":"closed","template":"","meta":{"ocean_post_layout":"","ocean_both_sidebars_style":"","ocean_both_sidebars_content_width":0,"ocean_both_sidebars_sidebars_width":0,"ocean_sidebar":"","ocean_second_sidebar":"","ocean_disable_margins":"enable","ocean_add_body_class":"","ocean_shortcode_before_top_bar":"","ocean_shortcode_after_top_bar":"","ocean_shortcode_before_header":"","ocean_shortcode_after_header":"","ocean_has_shortcode":"","ocean_shortcode_after_title":"","ocean_shortcode_before_footer_widgets":"","ocean_shortcode_after_footer_widgets":"","ocean_shortcode_before_footer_bottom":"","ocean_shortcode_after_footer_bottom":"","ocean_display_top_bar":"default","ocean_display_header":"default","ocean_header_style":"","ocean_center_header_left_menu":"","ocean_custom_header_template":"","ocean_custom_logo":0,"ocean_custom_retina_logo":0,"ocean_custom_logo_max_width":0,"ocean_custom_logo_tablet_max_width":0,"ocean_custom_logo_mobile_max_width":0,"ocean_custom_logo_max_height":0,"ocean_custom_logo_tablet_max_height":0,"ocean_custom_logo_mobile_max_height":0,"ocean_header_custom_menu":"","ocean_menu_typo_font_family":"","ocean_menu_typo_font_subset":"","ocean_menu_typo_font_size":0,"ocean_menu_typo_font_size_tablet":0,"ocean_menu_typo_font_size_mobile":0,"ocean_menu_typo_font_size_unit":"px","ocean_menu_typo_font_weight":"","ocean_menu_typo_font_weight_tablet":"","ocean_menu_typo_font_weight_mobile":"","ocean_menu_typo_transform":"","ocean_menu_typo_transform_tablet":"","ocean_menu_typo_transform_mobile":"","ocean_menu_typo_line_height":0,"ocean_menu_typo_line_height_tablet":0,"ocean_menu_typo_line_height_mobile":0,"ocean_menu_typo_line_height_unit":"","ocean_menu_typo_spacing":0,"ocean_menu_typo_spacing_tablet":0,"ocean_menu_typo_spacing_mobile":0,"ocean_menu_typo_spacing_unit":"","ocean_menu_link_color":"","ocean_menu_link_color_hover":"","ocean_menu_link_color_active":"","ocean_menu_link_background":"","ocean_menu_link_hover_background":"","ocean_menu_link_active_background":"","ocean_menu_social_links_bg":"","ocean_menu_social_hover_links_bg":"","ocean_menu_social_links_color":"","ocean_menu_social_hover_links_color":"","ocean_disable_title":"default","ocean_disable_heading":"default","ocean_post_title":"","ocean_post_subheading":"","ocean_post_title_style":"","ocean_post_title_background_color":"","ocean_post_title_background":0,"ocean_post_title_bg_image_position":"","ocean_post_title_bg_image_attachment":"","ocean_post_title_bg_image_repeat":"","ocean_post_title_bg_image_size":"","ocean_post_title_height":0,"ocean_post_title_bg_overlay":0.5,"ocean_post_title_bg_overlay_color":"","ocean_disable_breadcrumbs":"default","ocean_breadcrumbs_color":"","ocean_breadcrumbs_separator_color":"","ocean_breadcrumbs_links_color":"","ocean_breadcrumbs_links_hover_color":"","ocean_display_footer_widgets":"default","ocean_display_footer_bottom":"default","ocean_custom_footer_template":"","footnotes":""},"class_list":["post-22","page","type-page","status-publish","hentry","entry"],"yoast_head":"<!-- This site is optimized with the Yoast SEO plugin v24.7 - https:\/\/yoast.com\/wordpress\/plugins\/seo\/ -->\n<title>Mentions l\u00e9gales - Ani Diwall<\/title>\n<meta name=\"robots\" content=\"index, follow, max-snippet:-1, max-image-preview:large, max-video-preview:-1\" \/>\n<link rel=\"canonical\" href=\"https:\/\/anidiwall.fr\/index.php\/mentions-legales\/\" \/>\n<meta property=\"og:locale\" content=\"fr_FR\" \/>\n<meta property=\"og:type\" content=\"article\" \/>\n<meta property=\"og:title\" content=\"Mentions l\u00e9gales - Ani Diwall\" \/>\n<meta property=\"og:description\" content=\"Mention L\u00e9gales Editeur du site AniDiwall Entreprise Individuelle (EI) r\u00e9gime Micro-entreprise dont la g\u00e9rante est Solenn Quiltu Balavoine. SIRET : 94897007400019 Code APE : 9609Z Si\u00e8ge Social : 12, rue Alfred Nobel 56890 St Av\u00e9 Mail : contact@anidiwall.fr Tel : 06 76 85 59 85 Conception Responsable de la r\u00e9daction : Solenn Quiltu Balavoine R\u00e9alisation [&hellip;]\" \/>\n<meta property=\"og:url\" content=\"https:\/\/anidiwall.fr\/index.php\/mentions-legales\/\" \/>\n<meta property=\"og:site_name\" content=\"Ani Diwall\" \/>\n<meta property=\"article:publisher\" content=\"https:\/\/www.facebook.com\/profile.php?id=100089085783455\" \/>\n<meta property=\"article:modified_time\" content=\"2024-11-14T15:07:25+00:00\" \/>\n<meta name=\"twitter:card\" content=\"summary_large_image\" \/>\n<meta name=\"twitter:label1\" content=\"Dur\u00e9e de lecture estim\u00e9e\" \/>\n\t<meta name=\"twitter:data1\" content=\"5 minutes\" \/>\n<script type=\"application\/ld+json\" class=\"yoast-schema-graph\">{\"@context\":\"https:\/\/schema.org\",\"@graph\":[{\"@type\":\"WebPage\",\"@id\":\"https:\/\/anidiwall.fr\/index.php\/mentions-legales\/\",\"url\":\"https:\/\/anidiwall.fr\/index.php\/mentions-legales\/\",\"name\":\"Mentions l\u00e9gales - Ani Diwall\",\"isPartOf\":{\"@id\":\"https:\/\/anidiwall.fr\/#website\"},\"datePublished\":\"2023-01-12T15:59:16+00:00\",\"dateModified\":\"2024-11-14T15:07:25+00:00\",\"breadcrumb\":{\"@id\":\"https:\/\/anidiwall.fr\/index.php\/mentions-legales\/#breadcrumb\"},\"inLanguage\":\"fr-FR\",\"potentialAction\":[{\"@type\":\"ReadAction\",\"target\":[\"https:\/\/anidiwall.fr\/index.php\/mentions-legales\/\"]}]},{\"@type\":\"BreadcrumbList\",\"@id\":\"https:\/\/anidiwall.fr\/index.php\/mentions-legales\/#breadcrumb\",\"itemListElement\":[{\"@type\":\"ListItem\",\"position\":1,\"name\":\"Accueil\",\"item\":\"https:\/\/anidiwall.fr\/\"},{\"@type\":\"ListItem\",\"position\":2,\"name\":\"Mentions l\u00e9gales\"}]},{\"@type\":\"WebSite\",\"@id\":\"https:\/\/anidiwall.fr\/#website\",\"url\":\"https:\/\/anidiwall.fr\/\",\"name\":\"Ani Diwall\",\"description\":\"Garde chien et chat\",\"publisher\":{\"@id\":\"https:\/\/anidiwall.fr\/#organization\"},\"potentialAction\":[{\"@type\":\"SearchAction\",\"target\":{\"@type\":\"EntryPoint\",\"urlTemplate\":\"https:\/\/anidiwall.fr\/?s={search_term_string}\"},\"query-input\":{\"@type\":\"PropertyValueSpecification\",\"valueRequired\":true,\"valueName\":\"search_term_string\"}}],\"inLanguage\":\"fr-FR\"},{\"@type\":\"Organization\",\"@id\":\"https:\/\/anidiwall.fr\/#organization\",\"name\":\"Anidiwall\",\"url\":\"https:\/\/anidiwall.fr\/\",\"logo\":{\"@type\":\"ImageObject\",\"inLanguage\":\"fr-FR\",\"@id\":\"https:\/\/anidiwall.fr\/#\/schema\/logo\/image\/\",\"url\":\"https:\/\/anidiwall.fr\/wp-content\/uploads\/2023\/02\/LOGO_ANIDIWALL_SANS_FOND_MOD.png\",\"contentUrl\":\"https:\/\/anidiwall.fr\/wp-content\/uploads\/2023\/02\/LOGO_ANIDIWALL_SANS_FOND_MOD.png\",\"width\":1400,\"height\":577,\"caption\":\"Anidiwall\"},\"image\":{\"@id\":\"https:\/\/anidiwall.fr\/#\/schema\/logo\/image\/\"},\"sameAs\":[\"https:\/\/www.facebook.com\/profile.php?id=100089085783455\",\"https:\/\/www.instagram.com\/soo_ads\/\"]}]}<\/script>\n<!-- \/ Yoast SEO plugin. -->","yoast_head_json":{"title":"Mentions l\u00e9gales - Ani Diwall","robots":{"index":"index","follow":"follow","max-snippet":"max-snippet:-1","max-image-preview":"max-image-preview:large","max-video-preview":"max-video-preview:-1"},"canonical":"https:\/\/anidiwall.fr\/index.php\/mentions-legales\/","og_locale":"fr_FR","og_type":"article","og_title":"Mentions l\u00e9gales - Ani Diwall","og_description":"Mention L\u00e9gales Editeur du site AniDiwall Entreprise Individuelle (EI) r\u00e9gime Micro-entreprise dont la g\u00e9rante est Solenn Quiltu Balavoine. SIRET : 94897007400019 Code APE : 9609Z Si\u00e8ge Social : 12, rue Alfred Nobel 56890 St Av\u00e9 Mail : contact@anidiwall.fr Tel : 06 76 85 59 85 Conception Responsable de la r\u00e9daction : Solenn Quiltu Balavoine R\u00e9alisation [&hellip;]","og_url":"https:\/\/anidiwall.fr\/index.php\/mentions-legales\/","og_site_name":"Ani Diwall","article_publisher":"https:\/\/www.facebook.com\/profile.php?id=100089085783455","article_modified_time":"2024-11-14T15:07:25+00:00","twitter_card":"summary_large_image","twitter_misc":{"Dur\u00e9e de lecture estim\u00e9e":"5 minutes"},"schema":{"@context":"https:\/\/schema.org","@graph":[{"@type":"WebPage","@id":"https:\/\/anidiwall.fr\/index.php\/mentions-legales\/","url":"https:\/\/anidiwall.fr\/index.php\/mentions-legales\/","name":"Mentions l\u00e9gales - Ani Diwall","isPartOf":{"@id":"https:\/\/anidiwall.fr\/#website"},"datePublished":"2023-01-12T15:59:16+00:00","dateModified":"2024-11-14T15:07:25+00:00","breadcrumb":{"@id":"https:\/\/anidiwall.fr\/index.php\/mentions-legales\/#breadcrumb"},"inLanguage":"fr-FR","potentialAction":[{"@type":"ReadAction","target":["https:\/\/anidiwall.fr\/index.php\/mentions-legales\/"]}]},{"@type":"BreadcrumbList","@id":"https:\/\/anidiwall.fr\/index.php\/mentions-legales\/#breadcrumb","itemListElement":[{"@type":"ListItem","position":1,"name":"Accueil","item":"https:\/\/anidiwall.fr\/"},{"@type":"ListItem","position":2,"name":"Mentions l\u00e9gales"}]},{"@type":"WebSite","@id":"https:\/\/anidiwall.fr\/#website","url":"https:\/\/anidiwall.fr\/","name":"Ani Diwall","description":"Garde chien et chat","publisher":{"@id":"https:\/\/anidiwall.fr\/#organization"},"potentialAction":[{"@type":"SearchAction","target":{"@type":"EntryPoint","urlTemplate":"https:\/\/anidiwall.fr\/?s={search_term_string}"},"query-input":{"@type":"PropertyValueSpecification","valueRequired":true,"valueName":"search_term_string"}}],"inLanguage":"fr-FR"},{"@type":"Organization","@id":"https:\/\/anidiwall.fr\/#organization","name":"Anidiwall","url":"https:\/\/anidiwall.fr\/","logo":{"@type":"ImageObject","inLanguage":"fr-FR","@id":"https:\/\/anidiwall.fr\/#\/schema\/logo\/image\/","url":"https:\/\/anidiwall.fr\/wp-content\/uploads\/2023\/02\/LOGO_ANIDIWALL_SANS_FOND_MOD.png","contentUrl":"https:\/\/anidiwall.fr\/wp-content\/uploads\/2023\/02\/LOGO_ANIDIWALL_SANS_FOND_MOD.png","width":1400,"height":577,"caption":"Anidiwall"},"image":{"@id":"https:\/\/anidiwall.fr\/#\/schema\/logo\/image\/"},"sameAs":["https:\/\/www.facebook.com\/profile.php?id=100089085783455","https:\/\/www.instagram.com\/soo_ads\/"]}]}},"_links":{"self":[{"href":"https:\/\/anidiwall.fr\/index.php\/wp-json\/wp\/v2\/pages\/22","targetHints":{"allow":["GET"]}}],"collection":[{"href":"https:\/\/anidiwall.fr\/index.php\/wp-json\/wp\/v2\/pages"}],"about":[{"href":"https:\/\/anidiwall.fr\/index.php\/wp-json\/wp\/v2\/types\/page"}],"author":[{"embeddable":true,"href":"https:\/\/anidiwall.fr\/index.php\/wp-json\/wp\/v2\/users\/1"}],"replies":[{"embeddable":true,"href":"https:\/\/anidiwall.fr\/index.php\/wp-json\/wp\/v2\/comments?post=22"}],"version-history":[{"count":13,"href":"https:\/\/anidiwall.fr\/index.php\/wp-json\/wp\/v2\/pages\/22\/revisions"}],"predecessor-version":[{"id":1336,"href":"https:\/\/anidiwall.fr\/index.php\/wp-json\/wp\/v2\/pages\/22\/revisions\/1336"}],"wp:attachment":[{"href":"https:\/\/anidiwall.fr\/index.php\/wp-json\/wp\/v2\/media?parent=22"}],"curies":[{"name":"wp","href":"https:\/\/api.w.org\/{rel}","templated":true}]}}