{"id":15,"date":"2023-01-12T16:42:30","date_gmt":"2023-01-12T15:42:30","guid":{"rendered":"http:\/\/anidiwall.fr\/?page_id=15"},"modified":"2023-10-22T11:20:56","modified_gmt":"2023-10-22T09:20:56","slug":"a-propos","status":"publish","type":"page","link":"https:\/\/anidiwall.fr\/index.php\/a-propos\/","title":{"rendered":"A propos"},"content":{"rendered":"\t\t<div data-elementor-type=\"wp-page\" data-elementor-id=\"15\" class=\"elementor elementor-15\">\n\t\t\t\t\t\t<section class=\"elementor-section elementor-top-section elementor-element elementor-element-7e09e97 elementor-section-boxed elementor-section-height-default elementor-section-height-default\" data-id=\"7e09e97\" data-element_type=\"section\">\n\t\t\t\t\t\t<div class=\"elementor-container elementor-column-gap-default\">\n\t\t\t\t\t<div class=\"elementor-column elementor-col-50 elementor-top-column elementor-element elementor-element-1b669aa\" data-id=\"1b669aa\" data-element_type=\"column\">\n\t\t\t<div class=\"elementor-widget-wrap elementor-element-populated\">\n\t\t\t\t\t\t<div class=\"elementor-element elementor-element-7402e3d elementor-widget elementor-widget-text-editor\" data-id=\"7402e3d\" data-element_type=\"widget\" data-widget_type=\"text-editor.default\">\n\t\t\t\t<div class=\"elementor-widget-container\">\n\t\t\t\t\t\t\t\t\t<h1>Qui suis-je ?<\/h1><p>Je m\u2019appelle Solenn, j\u2019ai 27ans. Du plus loin dont je me souvienne, j\u2019ai toujours eu ce feeling avec les animaux. Ils ont toujours eu une place importante au sein de mon foyer. Enfant, je passais mon temps \u00e0 leur contact ou \u00e0 lire des bouquins pour en apprendre toujours plus sur eux. J\u2019ai toujours \u00e9t\u00e9 attir\u00e9e par la compr\u00e9hension des comportements du chien, leurs fa\u00e7ons de communiquer\u2026<\/p><p>Toujours entour\u00e9e de chiens dans ma vie et actuelle propri\u00e9taire d\u2019India, chienne crois\u00e9e caniche, j\u2019ai appris sur tous les points avec et pour elle.<\/p><p>Diagnostiqu\u00e9e diab\u00e9tique en 2021, elle est sous traitement insuline, cela fut tr\u00e8s difficile au d\u00e9but, mais elle vie tr\u00e8s bien avec aujourd\u2019hui ! J\u2019ai adopt\u00e9 mon premier chat en 2015, Minette, puis, Manouche nous a rejoint, ensuite deux fr\u00e8res ; Maki et Mojito. Tous les 5 jouent un r\u00f4le important dans ma vie d\u2019aujourd\u2019hui et je mets un point d\u2019honneur \u00e0 leur bonheur et leur \u00e9quilibre de vie.<\/p><p>\u00a0<\/p>\t\t\t\t\t\t\t\t<\/div>\n\t\t\t\t<\/div>\n\t\t\t\t\t<\/div>\n\t\t<\/div>\n\t\t\t\t<div class=\"elementor-column elementor-col-50 elementor-top-column elementor-element elementor-element-ac50e5d\" data-id=\"ac50e5d\" data-element_type=\"column\">\n\t\t\t<div class=\"elementor-widget-wrap elementor-element-populated\">\n\t\t\t\t\t\t<div class=\"elementor-element elementor-element-55dd53f elementor-widget elementor-widget-image\" data-id=\"55dd53f\" data-element_type=\"widget\" data-widget_type=\"image.default\">\n\t\t\t\t<div class=\"elementor-widget-container\">\n\t\t\t\t\t\t\t\t\t\t\t\t\t\t\t<img decoding=\"async\" src=\"https:\/\/anidiwall.fr\/wp-content\/uploads\/elementor\/thumbs\/portrait3-qe8aziiflfkqebi08wrgiwwigbe1qxmnv7vdgp1jcc.jpg\" title=\"portrait3\" alt=\"portrait3\" loading=\"lazy\" \/>\t\t\t\t\t\t\t\t\t\t\t\t\t\t\t<\/div>\n\t\t\t\t<\/div>\n\t\t\t\t\t<\/div>\n\t\t<\/div>\n\t\t\t\t\t<\/div>\n\t\t<\/section>\n\t\t\t\t<section class=\"elementor-section elementor-top-section elementor-element elementor-element-4d7f7d67 elementor-section-boxed elementor-section-height-default elementor-section-height-default\" data-id=\"4d7f7d67\" data-element_type=\"section\">\n\t\t\t\t\t\t<div class=\"elementor-container elementor-column-gap-default\">\n\t\t\t\t\t<div class=\"elementor-column elementor-col-100 elementor-top-column elementor-element elementor-element-7dbaea5\" data-id=\"7dbaea5\" data-element_type=\"column\">\n\t\t\t<div class=\"elementor-widget-wrap elementor-element-populated\">\n\t\t\t\t\t\t<div class=\"elementor-element elementor-element-18d4eaf3 elementor-widget elementor-widget-text-editor\" data-id=\"18d4eaf3\" data-element_type=\"widget\" data-widget_type=\"text-editor.default\">\n\t\t\t\t<div class=\"elementor-widget-container\">\n\t\t\t\t\t\t\t\t\t<p>Je donne de l\u2019amour \u00e0 tous les animaux qui croise mon chemin, les animaux le ressentent, j\u2019ai le lien facile avec eux. B\u00e9n\u00e9vole aupr\u00e8s d\u2019une association de protection animale situ\u00e9e \u00e0 Vannes, nous \u0153uvrons chaque jour au bien \u00eatre des chats errants.<\/p><p>Cet amour est bien plus pr\u00e9sent encore et avec les ann\u00e9es, j\u2019ai souhait\u00e9 aller plus loin\u00a0; Dans le but de sensibiliser au bien-\u00eatre animal, d\u2019accompagner aussi bien le maitre dans la compr\u00e9hension de son animal que l\u2019animal dans ses besoins quotidien, j\u2019ai d\u00e9cid\u00e9 de me lancer dans l\u2019aventure de l\u2019entreprenariat en cr\u00e9ant Anidiwall. Ainsi, je peux en tant que professionnelle prendre soin d\u2019eux et apporter amour et attention pour qu\u2019ils se sentent bien lors de vos absences.<\/p>\t\t\t\t\t\t\t\t<\/div>\n\t\t\t\t<\/div>\n\t\t\t\t\t<\/div>\n\t\t<\/div>\n\t\t\t\t\t<\/div>\n\t\t<\/section>\n\t\t\t\t<section class=\"elementor-section elementor-top-section elementor-element elementor-element-1c33854 elementor-section-boxed elementor-section-height-default elementor-section-height-default\" data-id=\"1c33854\" data-element_type=\"section\">\n\t\t\t\t\t\t<div class=\"elementor-container elementor-column-gap-default\">\n\t\t\t\t\t<div class=\"elementor-column elementor-col-50 elementor-top-column elementor-element elementor-element-1d4932a\" data-id=\"1d4932a\" data-element_type=\"column\">\n\t\t\t<div class=\"elementor-widget-wrap elementor-element-populated\">\n\t\t\t\t\t\t<div class=\"elementor-element elementor-element-d0298bf elementor-widget elementor-widget-image\" data-id=\"d0298bf\" data-element_type=\"widget\" data-widget_type=\"image.default\">\n\t\t\t\t<div class=\"elementor-widget-container\">\n\t\t\t\t\t\t\t\t\t\t\t\t\t\t\t<img decoding=\"async\" src=\"https:\/\/anidiwall.fr\/wp-content\/uploads\/elementor\/thumbs\/portrait1-q2cdg4mrl8tryo1u4rvpgmxpmb63s1ifv4f7n92vjg.jpg\" title=\"portrait1\" alt=\"portrait1\" loading=\"lazy\" \/>\t\t\t\t\t\t\t\t\t\t\t\t\t\t\t<\/div>\n\t\t\t\t<\/div>\n\t\t\t\t\t<\/div>\n\t\t<\/div>\n\t\t\t\t<div class=\"elementor-column elementor-col-50 elementor-top-column elementor-element elementor-element-7afafe1\" data-id=\"7afafe1\" data-element_type=\"column\" data-settings=\"{&quot;background_background&quot;:&quot;classic&quot;}\">\n\t\t\t<div class=\"elementor-widget-wrap elementor-element-populated\">\n\t\t\t\t\t\t<div class=\"elementor-element elementor-element-6401f5b elementor-widget elementor-widget-text-editor\" data-id=\"6401f5b\" data-element_type=\"widget\" data-widget_type=\"text-editor.default\">\n\t\t\t\t<div class=\"elementor-widget-container\">\n\t\t\t\t\t\t\t\t\t<p>Auparavant, \u00e9tudiante dans le social, j\u2019ai obtenu un dipl\u00f4me en animation sociale et suis titulaire d\u2019un CAP d\u2019Agent de pr\u00e9vention et de m\u00e9diation.<\/p><p>J\u2019ai pu d\u00e9velopper un sens de l\u2019\u00e9coute afin de vous permettre une prestation personnalis\u00e9e \u00e0 vos besoins et ceux de votre animal. Je serais attentive \u00e0 tout changement de comportement chez lui. Disponible, fiable et discr\u00e8te, vous pouvez me confier vos animaux et votre maison en toute s\u00e9r\u00e9nit\u00e9. Respectueuse et bienveillante dans les soins apport\u00e9s, je travaille avec l\u2019accord de l\u2019animal afin de respecter leur sensibilit\u00e9 et les accompagner dans le bien-\u00eatre qu\u2019il m\u00e9rite lors de vos absences.<\/p><p>Je prends \u00e0 c\u0153ur de me former d\u00e8s que possible afin d\u2019acqu\u00e9rir comp\u00e9tences et savoir-faire. Pour ainsi, perfectionner les services propos\u00e9s.<\/p><p>Votre animal est entre de bonnes mains\u00a0!<\/p><p style=\"text-align: left;\">A bient\u00f4t,<\/p><p style=\"text-align: right;\">Solenn<\/p>\t\t\t\t\t\t\t\t<\/div>\n\t\t\t\t<\/div>\n\t\t\t\t\t<\/div>\n\t\t<\/div>\n\t\t\t\t\t<\/div>\n\t\t<\/section>\n\t\t\t\t<\/div>\n\t\t","protected":false},"excerpt":{"rendered":"<p>Qui suis-je ? Je m\u2019appelle Solenn, j\u2019ai 27ans. Du plus loin dont je me souvienne, j\u2019ai toujours eu ce feeling avec les animaux. Ils ont toujours eu une place importante au sein de mon foyer. Enfant, je passais mon temps \u00e0 leur contact ou \u00e0 lire des bouquins pour en apprendre toujours plus sur eux. [&hellip;]<\/p>\n","protected":false},"author":1,"featured_media":0,"parent":0,"menu_order":0,"comment_status":"closed","ping_status":"closed","template":"","meta":{"ocean_post_layout":"","ocean_both_sidebars_style":"","ocean_both_sidebars_content_width":0,"ocean_both_sidebars_sidebars_width":0,"ocean_sidebar":"","ocean_second_sidebar":"","ocean_disable_margins":"enable","ocean_add_body_class":"","ocean_shortcode_before_top_bar":"","ocean_shortcode_after_top_bar":"","ocean_shortcode_before_header":"","ocean_shortcode_after_header":"","ocean_has_shortcode":"","ocean_shortcode_after_title":"","ocean_shortcode_before_footer_widgets":"","ocean_shortcode_after_footer_widgets":"","ocean_shortcode_before_footer_bottom":"","ocean_shortcode_after_footer_bottom":"","ocean_display_top_bar":"default","ocean_display_header":"default","ocean_header_style":"","ocean_center_header_left_menu":"","ocean_custom_header_template":"","ocean_custom_logo":0,"ocean_custom_retina_logo":0,"ocean_custom_logo_max_width":0,"ocean_custom_logo_tablet_max_width":0,"ocean_custom_logo_mobile_max_width":0,"ocean_custom_logo_max_height":0,"ocean_custom_logo_tablet_max_height":0,"ocean_custom_logo_mobile_max_height":0,"ocean_header_custom_menu":"","ocean_menu_typo_font_family":"","ocean_menu_typo_font_subset":"","ocean_menu_typo_font_size":0,"ocean_menu_typo_font_size_tablet":0,"ocean_menu_typo_font_size_mobile":0,"ocean_menu_typo_font_size_unit":"px","ocean_menu_typo_font_weight":"","ocean_menu_typo_font_weight_tablet":"","ocean_menu_typo_font_weight_mobile":"","ocean_menu_typo_transform":"","ocean_menu_typo_transform_tablet":"","ocean_menu_typo_transform_mobile":"","ocean_menu_typo_line_height":0,"ocean_menu_typo_line_height_tablet":0,"ocean_menu_typo_line_height_mobile":0,"ocean_menu_typo_line_height_unit":"","ocean_menu_typo_spacing":0,"ocean_menu_typo_spacing_tablet":0,"ocean_menu_typo_spacing_mobile":0,"ocean_menu_typo_spacing_unit":"","ocean_menu_link_color":"","ocean_menu_link_color_hover":"","ocean_menu_link_color_active":"","ocean_menu_link_background":"","ocean_menu_link_hover_background":"","ocean_menu_link_active_background":"","ocean_menu_social_links_bg":"","ocean_menu_social_hover_links_bg":"","ocean_menu_social_links_color":"","ocean_menu_social_hover_links_color":"","ocean_disable_title":"default","ocean_disable_heading":"default","ocean_post_title":"","ocean_post_subheading":"","ocean_post_title_style":"","ocean_post_title_background_color":"","ocean_post_title_background":0,"ocean_post_title_bg_image_position":"","ocean_post_title_bg_image_attachment":"","ocean_post_title_bg_image_repeat":"","ocean_post_title_bg_image_size":"","ocean_post_title_height":0,"ocean_post_title_bg_overlay":0.5,"ocean_post_title_bg_overlay_color":"","ocean_disable_breadcrumbs":"default","ocean_breadcrumbs_color":"","ocean_breadcrumbs_separator_color":"","ocean_breadcrumbs_links_color":"","ocean_breadcrumbs_links_hover_color":"","ocean_display_footer_widgets":"default","ocean_display_footer_bottom":"default","ocean_custom_footer_template":"","footnotes":""},"class_list":["post-15","page","type-page","status-publish","hentry","entry"],"yoast_head":"<!-- This site is optimized with the Yoast SEO plugin v24.7 - https:\/\/yoast.com\/wordpress\/plugins\/seo\/ -->\n<title>A propos - Ani Diwall<\/title>\n<meta name=\"robots\" content=\"index, follow, max-snippet:-1, max-image-preview:large, max-video-preview:-1\" \/>\n<link rel=\"canonical\" href=\"https:\/\/anidiwall.fr\/index.php\/a-propos\/\" \/>\n<meta property=\"og:locale\" content=\"fr_FR\" \/>\n<meta property=\"og:type\" content=\"article\" \/>\n<meta property=\"og:title\" content=\"A propos - Ani Diwall\" \/>\n<meta property=\"og:description\" content=\"Qui suis-je ? Je m\u2019appelle Solenn, j\u2019ai 27ans. Du plus loin dont je me souvienne, j\u2019ai toujours eu ce feeling avec les animaux. Ils ont toujours eu une place importante au sein de mon foyer. Enfant, je passais mon temps \u00e0 leur contact ou \u00e0 lire des bouquins pour en apprendre toujours plus sur eux. [&hellip;]\" \/>\n<meta property=\"og:url\" content=\"https:\/\/anidiwall.fr\/index.php\/a-propos\/\" \/>\n<meta property=\"og:site_name\" content=\"Ani Diwall\" \/>\n<meta property=\"article:publisher\" content=\"https:\/\/www.facebook.com\/profile.php?id=100089085783455\" \/>\n<meta property=\"article:modified_time\" content=\"2023-10-22T09:20:56+00:00\" \/>\n<meta property=\"og:image\" content=\"https:\/\/anidiwall.fr\/wp-content\/uploads\/elementor\/thumbs\/portrait3-qe8aziiflfkqebi08wrgiwwigbe1qxmnv7vdgp1jcc.jpg\" \/>\n<meta name=\"twitter:card\" content=\"summary_large_image\" \/>\n<meta name=\"twitter:label1\" content=\"Dur\u00e9e de lecture estim\u00e9e\" \/>\n\t<meta name=\"twitter:data1\" content=\"2 minutes\" \/>\n<script type=\"application\/ld+json\" class=\"yoast-schema-graph\">{\"@context\":\"https:\/\/schema.org\",\"@graph\":[{\"@type\":\"WebPage\",\"@id\":\"https:\/\/anidiwall.fr\/index.php\/a-propos\/\",\"url\":\"https:\/\/anidiwall.fr\/index.php\/a-propos\/\",\"name\":\"A propos - Ani Diwall\",\"isPartOf\":{\"@id\":\"https:\/\/anidiwall.fr\/#website\"},\"primaryImageOfPage\":{\"@id\":\"https:\/\/anidiwall.fr\/index.php\/a-propos\/#primaryimage\"},\"image\":{\"@id\":\"https:\/\/anidiwall.fr\/index.php\/a-propos\/#primaryimage\"},\"thumbnailUrl\":\"https:\/\/anidiwall.fr\/wp-content\/uploads\/elementor\/thumbs\/portrait3-qe8aziiflfkqebi08wrgiwwigbe1qxmnv7vdgp1jcc.jpg\",\"datePublished\":\"2023-01-12T15:42:30+00:00\",\"dateModified\":\"2023-10-22T09:20:56+00:00\",\"breadcrumb\":{\"@id\":\"https:\/\/anidiwall.fr\/index.php\/a-propos\/#breadcrumb\"},\"inLanguage\":\"fr-FR\",\"potentialAction\":[{\"@type\":\"ReadAction\",\"target\":[\"https:\/\/anidiwall.fr\/index.php\/a-propos\/\"]}]},{\"@type\":\"ImageObject\",\"inLanguage\":\"fr-FR\",\"@id\":\"https:\/\/anidiwall.fr\/index.php\/a-propos\/#primaryimage\",\"url\":\"https:\/\/anidiwall.fr\/wp-content\/uploads\/elementor\/thumbs\/portrait3-qe8aziiflfkqebi08wrgiwwigbe1qxmnv7vdgp1jcc.jpg\",\"contentUrl\":\"https:\/\/anidiwall.fr\/wp-content\/uploads\/elementor\/thumbs\/portrait3-qe8aziiflfkqebi08wrgiwwigbe1qxmnv7vdgp1jcc.jpg\"},{\"@type\":\"BreadcrumbList\",\"@id\":\"https:\/\/anidiwall.fr\/index.php\/a-propos\/#breadcrumb\",\"itemListElement\":[{\"@type\":\"ListItem\",\"position\":1,\"name\":\"Accueil\",\"item\":\"https:\/\/anidiwall.fr\/\"},{\"@type\":\"ListItem\",\"position\":2,\"name\":\"A propos\"}]},{\"@type\":\"WebSite\",\"@id\":\"https:\/\/anidiwall.fr\/#website\",\"url\":\"https:\/\/anidiwall.fr\/\",\"name\":\"Ani Diwall\",\"description\":\"Garde chien et chat\",\"publisher\":{\"@id\":\"https:\/\/anidiwall.fr\/#organization\"},\"potentialAction\":[{\"@type\":\"SearchAction\",\"target\":{\"@type\":\"EntryPoint\",\"urlTemplate\":\"https:\/\/anidiwall.fr\/?s={search_term_string}\"},\"query-input\":{\"@type\":\"PropertyValueSpecification\",\"valueRequired\":true,\"valueName\":\"search_term_string\"}}],\"inLanguage\":\"fr-FR\"},{\"@type\":\"Organization\",\"@id\":\"https:\/\/anidiwall.fr\/#organization\",\"name\":\"Anidiwall\",\"url\":\"https:\/\/anidiwall.fr\/\",\"logo\":{\"@type\":\"ImageObject\",\"inLanguage\":\"fr-FR\",\"@id\":\"https:\/\/anidiwall.fr\/#\/schema\/logo\/image\/\",\"url\":\"https:\/\/anidiwall.fr\/wp-content\/uploads\/2023\/02\/LOGO_ANIDIWALL_SANS_FOND_MOD.png\",\"contentUrl\":\"https:\/\/anidiwall.fr\/wp-content\/uploads\/2023\/02\/LOGO_ANIDIWALL_SANS_FOND_MOD.png\",\"width\":1400,\"height\":577,\"caption\":\"Anidiwall\"},\"image\":{\"@id\":\"https:\/\/anidiwall.fr\/#\/schema\/logo\/image\/\"},\"sameAs\":[\"https:\/\/www.facebook.com\/profile.php?id=100089085783455\",\"https:\/\/www.instagram.com\/soo_ads\/\"]}]}<\/script>\n<!-- \/ Yoast SEO plugin. -->","yoast_head_json":{"title":"A propos - Ani Diwall","robots":{"index":"index","follow":"follow","max-snippet":"max-snippet:-1","max-image-preview":"max-image-preview:large","max-video-preview":"max-video-preview:-1"},"canonical":"https:\/\/anidiwall.fr\/index.php\/a-propos\/","og_locale":"fr_FR","og_type":"article","og_title":"A propos - Ani Diwall","og_description":"Qui suis-je ? Je m\u2019appelle Solenn, j\u2019ai 27ans. Du plus loin dont je me souvienne, j\u2019ai toujours eu ce feeling avec les animaux. Ils ont toujours eu une place importante au sein de mon foyer. Enfant, je passais mon temps \u00e0 leur contact ou \u00e0 lire des bouquins pour en apprendre toujours plus sur eux. [&hellip;]","og_url":"https:\/\/anidiwall.fr\/index.php\/a-propos\/","og_site_name":"Ani Diwall","article_publisher":"https:\/\/www.facebook.com\/profile.php?id=100089085783455","article_modified_time":"2023-10-22T09:20:56+00:00","og_image":[{"url":"https:\/\/anidiwall.fr\/wp-content\/uploads\/elementor\/thumbs\/portrait3-qe8aziiflfkqebi08wrgiwwigbe1qxmnv7vdgp1jcc.jpg","type":"","width":"","height":""}],"twitter_card":"summary_large_image","twitter_misc":{"Dur\u00e9e de lecture estim\u00e9e":"2 minutes"},"schema":{"@context":"https:\/\/schema.org","@graph":[{"@type":"WebPage","@id":"https:\/\/anidiwall.fr\/index.php\/a-propos\/","url":"https:\/\/anidiwall.fr\/index.php\/a-propos\/","name":"A propos - Ani Diwall","isPartOf":{"@id":"https:\/\/anidiwall.fr\/#website"},"primaryImageOfPage":{"@id":"https:\/\/anidiwall.fr\/index.php\/a-propos\/#primaryimage"},"image":{"@id":"https:\/\/anidiwall.fr\/index.php\/a-propos\/#primaryimage"},"thumbnailUrl":"https:\/\/anidiwall.fr\/wp-content\/uploads\/elementor\/thumbs\/portrait3-qe8aziiflfkqebi08wrgiwwigbe1qxmnv7vdgp1jcc.jpg","datePublished":"2023-01-12T15:42:30+00:00","dateModified":"2023-10-22T09:20:56+00:00","breadcrumb":{"@id":"https:\/\/anidiwall.fr\/index.php\/a-propos\/#breadcrumb"},"inLanguage":"fr-FR","potentialAction":[{"@type":"ReadAction","target":["https:\/\/anidiwall.fr\/index.php\/a-propos\/"]}]},{"@type":"ImageObject","inLanguage":"fr-FR","@id":"https:\/\/anidiwall.fr\/index.php\/a-propos\/#primaryimage","url":"https:\/\/anidiwall.fr\/wp-content\/uploads\/elementor\/thumbs\/portrait3-qe8aziiflfkqebi08wrgiwwigbe1qxmnv7vdgp1jcc.jpg","contentUrl":"https:\/\/anidiwall.fr\/wp-content\/uploads\/elementor\/thumbs\/portrait3-qe8aziiflfkqebi08wrgiwwigbe1qxmnv7vdgp1jcc.jpg"},{"@type":"BreadcrumbList","@id":"https:\/\/anidiwall.fr\/index.php\/a-propos\/#breadcrumb","itemListElement":[{"@type":"ListItem","position":1,"name":"Accueil","item":"https:\/\/anidiwall.fr\/"},{"@type":"ListItem","position":2,"name":"A propos"}]},{"@type":"WebSite","@id":"https:\/\/anidiwall.fr\/#website","url":"https:\/\/anidiwall.fr\/","name":"Ani Diwall","description":"Garde chien et chat","publisher":{"@id":"https:\/\/anidiwall.fr\/#organization"},"potentialAction":[{"@type":"SearchAction","target":{"@type":"EntryPoint","urlTemplate":"https:\/\/anidiwall.fr\/?s={search_term_string}"},"query-input":{"@type":"PropertyValueSpecification","valueRequired":true,"valueName":"search_term_string"}}],"inLanguage":"fr-FR"},{"@type":"Organization","@id":"https:\/\/anidiwall.fr\/#organization","name":"Anidiwall","url":"https:\/\/anidiwall.fr\/","logo":{"@type":"ImageObject","inLanguage":"fr-FR","@id":"https:\/\/anidiwall.fr\/#\/schema\/logo\/image\/","url":"https:\/\/anidiwall.fr\/wp-content\/uploads\/2023\/02\/LOGO_ANIDIWALL_SANS_FOND_MOD.png","contentUrl":"https:\/\/anidiwall.fr\/wp-content\/uploads\/2023\/02\/LOGO_ANIDIWALL_SANS_FOND_MOD.png","width":1400,"height":577,"caption":"Anidiwall"},"image":{"@id":"https:\/\/anidiwall.fr\/#\/schema\/logo\/image\/"},"sameAs":["https:\/\/www.facebook.com\/profile.php?id=100089085783455","https:\/\/www.instagram.com\/soo_ads\/"]}]}},"_links":{"self":[{"href":"https:\/\/anidiwall.fr\/index.php\/wp-json\/wp\/v2\/pages\/15","targetHints":{"allow":["GET"]}}],"collection":[{"href":"https:\/\/anidiwall.fr\/index.php\/wp-json\/wp\/v2\/pages"}],"about":[{"href":"https:\/\/anidiwall.fr\/index.php\/wp-json\/wp\/v2\/types\/page"}],"author":[{"embeddable":true,"href":"https:\/\/anidiwall.fr\/index.php\/wp-json\/wp\/v2\/users\/1"}],"replies":[{"embeddable":true,"href":"https:\/\/anidiwall.fr\/index.php\/wp-json\/wp\/v2\/comments?post=15"}],"version-history":[{"count":84,"href":"https:\/\/anidiwall.fr\/index.php\/wp-json\/wp\/v2\/pages\/15\/revisions"}],"predecessor-version":[{"id":1263,"href":"https:\/\/anidiwall.fr\/index.php\/wp-json\/wp\/v2\/pages\/15\/revisions\/1263"}],"wp:attachment":[{"href":"https:\/\/anidiwall.fr\/index.php\/wp-json\/wp\/v2\/media?parent=15"}],"curies":[{"name":"wp","href":"https:\/\/api.w.org\/{rel}","templated":true}]}}